{"id":1318,"date":"2025-08-09T05:22:06","date_gmt":"2025-08-09T05:22:06","guid":{"rendered":"https:\/\/fetish-toys.com\/?post_type=product&#038;p=1318"},"modified":"2025-08-09T05:22:06","modified_gmt":"2025-08-09T05:22:06","slug":"pretty-love-nile-funda-de-pene-extensora-natural","status":"publish","type":"product","link":"https:\/\/fetish-toys.com\/?product=pretty-love-nile-funda-de-pene-extensora-natural","title":{"rendered":"PRETTY LOVE &#8211; NILE FUNDA DE PENE EXTENSORA NATURAL"},"content":{"rendered":"<p>Vaya ese cent\u00edmetro m\u00e1s para complacer a su pareja cuando se coloque esta funda para el pene que extiende la erecci\u00f3n. Ofreciendo una pulgada adicional de longitud y un crecimiento de circunferencia, su material de tacto real y detalles realistas crean una sensaci\u00f3n de llenado realista.<\/p>\n<p>Dise\u00f1ado para ajustarse c\u00f3modamente al pene del usuario, mejorar su sujeci\u00f3n y retrasar la eyaculaci\u00f3n, el suave canal interno mantiene el juego c\u00f3modo y placentero. No olvides cubrir el interior y el exterior del juguete con lubricante a base de agua antes de usarlo.<\/p>\n<p>Caracter\u00edsticas:<\/p>\n<p>Sumergible : SI<br \/>\nMaterial\uff1aTPR<br \/>\nColor: Color natural<\/p>\n<p>Pretty Love fabrica productos con exigentes normas de calidad, todos sus productos estan dise\u00f1ados en Estados Unidos y tienen 1 a\u00f1o de garant\u00eda en defectos t\u00e9cnicos.<\/p>\n","protected":false},"excerpt":{"rendered":"<p>Vaya ese cent\u00edmetro m\u00e1s para complacer a su pareja cuando se coloque esta funda para el pene que extiende la erecci\u00f3n. Ofreciendo una pulgada adicional de longitud y un crecimiento de circunferencia, su material de tacto real y detalles realistas crean una sensaci\u00f3n de llenado realista. Dise\u00f1ado para ajustarse c\u00f3modamente al pene del usuario, mejorar su sujeci\u00f3n y retrasar la eyaculaci\u00f3n, el suave canal interno mantiene el juego c\u00f3modo y placentero. No olvides cubrir el interior y el exterior del juguete con lubricante a base de agua antes de usarlo. Caracter\u00edsticas: Sumergible : SI Material\uff1aTPR Color: Color natural Pretty Love fabrica productos con exigentes normas de calidad, todos sus productos estan dise\u00f1ados en Estados Unidos y tienen 1 a\u00f1o de garant\u00eda en defectos t\u00e9cnicos.<\/p>\n","protected":false},"featured_media":1319,"comment_status":"open","ping_status":"closed","template":"","meta":{"site-sidebar-layout":"default","site-content-layout":"","ast-site-content-layout":"default","site-content-style":"default","site-sidebar-style":"default","ast-global-header-display":"","ast-banner-title-visibility":"","ast-main-header-display":"","ast-hfb-above-header-display":"","ast-hfb-below-header-display":"","ast-hfb-mobile-header-display":"","site-post-title":"","ast-breadcrumbs-content":"","ast-featured-img":"","footer-sml-layout":"","theme-transparent-header-meta":"default","adv-header-id-meta":"","stick-header-meta":"","header-above-stick-meta":"","header-main-stick-meta":"","header-below-stick-meta":"","astra-migrate-meta-layouts":"set","ast-page-background-enabled":"default","ast-page-background-meta":{"desktop":{"background-color":"var(--ast-global-color-5)","background-image":"","background-repeat":"repeat","background-position":"center center","background-size":"auto","background-attachment":"scroll","background-type":"","background-media":"","overlay-type":"","overlay-color":"","overlay-opacity":"","overlay-gradient":""},"tablet":{"background-color":"","background-image":"","background-repeat":"repeat","background-position":"center center","background-size":"auto","background-attachment":"scroll","background-type":"","background-media":"","overlay-type":"","overlay-color":"","overlay-opacity":"","overlay-gradient":""},"mobile":{"background-color":"","background-image":"","background-repeat":"repeat","background-position":"center center","background-size":"auto","background-attachment":"scroll","background-type":"","background-media":"","overlay-type":"","overlay-color":"","overlay-opacity":"","overlay-gradient":""}},"ast-content-background-meta":{"desktop":{"background-color":"var(--ast-global-color-4)","background-image":"","background-repeat":"repeat","background-position":"center center","background-size":"auto","background-attachment":"scroll","background-type":"","background-media":"","overlay-type":"","overlay-color":"","overlay-opacity":"","overlay-gradient":""},"tablet":{"background-color":"var(--ast-global-color-4)","background-image":"","background-repeat":"repeat","background-position":"center center","background-size":"auto","background-attachment":"scroll","background-type":"","background-media":"","overlay-type":"","overlay-color":"","overlay-opacity":"","overlay-gradient":""},"mobile":{"background-color":"var(--ast-global-color-4)","background-image":"","background-repeat":"repeat","background-position":"center center","background-size":"auto","background-attachment":"scroll","background-type":"","background-media":"","overlay-type":"","overlay-color":"","overlay-opacity":"","overlay-gradient":""}}},"product_brand":[],"product_cat":[15],"product_tag":[],"class_list":{"0":"post-1318","1":"product","2":"type-product","3":"status-publish","4":"has-post-thumbnail","6":"product_cat-uncategorized","7":"desktop-align-left","8":"tablet-align-left","9":"mobile-align-left","11":"first","12":"instock","13":"shipping-taxable","14":"product-type-simple"},"_links":{"self":[{"href":"https:\/\/fetish-toys.com\/index.php?rest_route=\/wp\/v2\/product\/1318","targetHints":{"allow":["GET"]}}],"collection":[{"href":"https:\/\/fetish-toys.com\/index.php?rest_route=\/wp\/v2\/product"}],"about":[{"href":"https:\/\/fetish-toys.com\/index.php?rest_route=\/wp\/v2\/types\/product"}],"replies":[{"embeddable":true,"href":"https:\/\/fetish-toys.com\/index.php?rest_route=%2Fwp%2Fv2%2Fcomments&post=1318"}],"wp:featuredmedia":[{"embeddable":true,"href":"https:\/\/fetish-toys.com\/index.php?rest_route=\/wp\/v2\/media\/1319"}],"wp:attachment":[{"href":"https:\/\/fetish-toys.com\/index.php?rest_route=%2Fwp%2Fv2%2Fmedia&parent=1318"}],"wp:term":[{"taxonomy":"product_brand","embeddable":true,"href":"https:\/\/fetish-toys.com\/index.php?rest_route=%2Fwp%2Fv2%2Fproduct_brand&post=1318"},{"taxonomy":"product_cat","embeddable":true,"href":"https:\/\/fetish-toys.com\/index.php?rest_route=%2Fwp%2Fv2%2Fproduct_cat&post=1318"},{"taxonomy":"product_tag","embeddable":true,"href":"https:\/\/fetish-toys.com\/index.php?rest_route=%2Fwp%2Fv2%2Fproduct_tag&post=1318"}],"curies":[{"name":"wp","href":"https:\/\/api.w.org\/{rel}","templated":true}]}}